- j + 295. List the prime factors of o.
59
Suppose 21*i - 4*i = -17187. Let d = i - -1566. List the prime factors of d.
3, 5, 37
Suppose 3*h - 5*h - 4 = l, l - h = 2. Suppose -2*p + l*d - 1 = d, -5*d = 15. Let s = 27 - p. What are the prime factors of s?
2, 13
Suppose -826064 - 266140 = -162*j. List the prime factors of j.
2, 3371
What are the prime factors of (-2)/(-11) - (3 + (-370745)/55)?
2, 3, 1123
Let f = -37 + 40. Suppose d + 318 = -3*y + 2048, -f*y - 2*d + 1732 = 0. List the prime factors of y.
2, 3
Suppose 31*p = -4*r + 33*p + 37900, -4*r = -3*p - 37896. List the prime factors of r.
3, 13
Let w be (-633)/3 + -5 + (-5*1 - -2). Suppose -4*o + 2 + 2 = 0, 3*o = -5*v - 2347. Let y = w - v. List the prime factors of y.
251
What are the prime factors of ((-16)/144*(-19372 + -2))/((-2)/(-3))?
3229
Suppose 99*h - 1018906 = 50*h. List the prime factors of h.
2, 37, 281
Suppose -8*w + 61 = 21. Let t(v) = w*v**2 + 5*v**2 - 1 + 6 - 3*v**2 + v**3 + 2*v. What are the prime factors of t(-6)?
29
Let s = -23 + 61. Suppose -2*x + 905 = p - s, -4*p + 2*x + 3802 = 0. List the prime factors of p.
13, 73
Suppose r + 4*r = 1900. Suppose 0*m - r = -4*m. What are the prime factors of m?
5, 19
Let a = -585 + -397. Let m = 1719 + a. What are the prime factors of m?
11, 67
Let b = -39 + 1520. Let w = 2928 - b. What are the prime factors of w?
1447
Let w = 4899 - 3181. Let j = w - 1160. List the prime factors of j.
2, 3, 31
Let z(j) = j**3 - 11*j**2 + 6*j - 44. Let f be z(11). Let q(x) = 23*x + 109. What are the prime factors of q(f)?
3, 5, 41
Let f = -3 - 39. Let d be 21/f*-1*4. What are the prime factors of 2/(-5) - d*(-959)/70?
3
List the prime factors of (25437 + -1)/((-20)/(-15)).
3, 6359
Suppose -48*f = -411651 + 52803. List the prime factors of f.
2, 3, 7, 89
Let b(t) = -t**2 + 20*t - 26. Let s be b(18). Suppose 4*i + s = -6, 0 = -5*f + 3*i + 27. What are the prime factors of (-4)/(-20)*1135 - f*1?
2, 7
Let y(u) = -u**3 + 11*u**2 + 5*u - 21. Let k be y(11). Let s(j) = 84 - 15 + k - j. What are the prime factors of s(0)?
103
Let p be (-8)/(-6) - 1075/(-15). Let g = -55 + p. What are the prime factors of 4 + 1587/g - 3/18?
2, 23
Let v = -2 - -4. Suppose -n = 1, n - 1088 = -3*w + 402. Suppose 0 = -v*t + 127 + w. List the prime factors of t.
2, 3, 13
Suppose -12*f + 63265 = 253. List the prime factors of f.
59, 89
Let n = -186 + 125. Let c = n + 59. List the prime factors of (-6363)/(-45) + (24/(-10) - c).
3, 47
Let h(m) = -24*m - 12. Let r be h(-2). Let k = -38 + r. Let n(l) = 36*l**2 + 3. What are the prime factors of n(k)?
3, 7
What are the prime factors of 8 - -2*1750/28?
7, 19
Let p(f) = 79*f**3 - f**2 - f + 1. Let y(m) = -m**3 + 6*m**2 - 4*m - 3. Let i be y(5). Let j be i/3 + (2/(-3) - -1). List the prime factors of p(j).
2, 3, 13
Suppose -k + 7*k = 6. List the prime factors of 120/30*(78/8 + k).
43
Suppose 4*u = -12, 4*y + 86*u - 87*u - 6479 = 0. Suppose -3*k + 2*j + 1631 = 0, -3*k + 12*j = 13*j - y. List the prime factors of k.
541
Suppose j + 2 = -h, 2*h - 4*h - 4 = -5*j. Suppose -2*n + 13*n + 77 = j. Let l(z) = z**3 + 10*z**2 + 11*z + 12. What are the prime factors of l(n)?
2, 41
List the prime factors of (10 + 3)*(-3)/(-12)*(3854 + -2).
3, 13, 107
Suppose -72*g + 38*g + 260731 = -115173. List the prime factors of g.
2, 691
Let x be (25/2 - 0)*(-112)/10. Let v = 220 + x. What are the prime factors of v?
2, 5
Suppose c = 5*i + 9786, c + 2*i - 39012 = -3*c. What are the prime factors of c?
2, 3, 271
What are the prime factors of ((-18573)/12)/((-4)/16) + 0?
41, 151
Let t be 13/5 + (-2)/(-20)*-6. Suppose 5*m - 871 = x, -t*m + 6*x - 4*x + 342 = 0. List the prime factors of m.
5, 7
Suppose -4*d - 9 + 17 = 0. Let l be d + 6/(-10) - 3/(-5). Suppose 114 = 4*j + l*j. What are the prime factors of j?
19
Let l be (-168)/(-16)*(1 - 3). Let p = l + 46. Suppose 0 = -10*a - 5 + p. List the prime factors of a.
2
Suppose -3*t - 18 = 15. Let s(u) = u**2 - u + 19. What are the prime factors of s(t)?
151
Suppose -29*t + 19*t = -14*t + 85732. List the prime factors of t.
21433
Suppose -6*x + 41 + 295 = 0. Let z = 58 + x. List the prime factors of z.
2, 3, 19
List the prime factors of (-892)/((-525)/(-567) + -1).
2, 3, 223
Let b be 28/5*(-275)/(-22). Suppose -x + 132 = 5*u, 4*x - 386 = 4*u + b. Let d = x - -68. What are the prime factors of d?
5, 37
Let c(y) = 3*y**2 - 9*y - 17. Let t be c(6). Let x = 30 + t. What are the prime factors of x?
67
Let w(f) = -1484*f + 1497. List the prime factors of w(-15).
3, 7919
Let y = 57637 + -40414. What are the prime factors of y?
3, 5741
Let d(p) = 30*p**3 + 24*p**2 + 46*p - 21. What are the prime factors of d(9)?
3, 8069
Let y(h) = 38*h + 5. Let q be y(1). Let b = q + -41. Suppose -b*n = -2*w + 124, 9*w - 7*w + 3*n = 129. What are the prime factors of w?
3, 7
Suppose 3*y = 6*y - 3432. Suppose y = -7*u + 8431. What are the prime factors of u?
3, 347
Let p = 10614 - 3043. What are the prime factors of p?
67, 113
Suppose 0*m = m - 66. Let w be m/(-5)*(-140)/6. Suppose 2*q = -2*q + w. List the prime factors of q.
7, 11
Let l = -2691 + 8173. List the prime factors of l.
2, 2741
Let g be ((-2)/4 - 0)*(-43 - -67). Let i(l) = l**3 + 20*l**2 + 36*l - 7. What are the prime factors of i(g)?
23, 31
Suppose -5*k + 54 - 44 = 0. Let h be (28/8 - k)*142. Let c = h + -112. List the prime factors of c.
101
Let f(o) = 16*o**2 - 2*o + 1. Let a be (100/(-36) - -3) + (-7)/(-9). Let k be f(a). Let r(z) = -z**3 + 15*z**2 + 14. List the prime factors of r(k).
2, 7
Suppose -3 = 7*w - 4*w. Let p(y) = 65*y**2 - 3*y - 3. Let i be p(w). Suppose -m - m - i = -u, -u = m - 50. What are the prime factors of u?
5, 11
List the prime factors of 1063/(-2 - 26/(-12)).
2, 3, 1063
Let k be (23 - 0)/(399/(-402) + 1). Suppose -5*i - 8*y - k + 9927 = 0, -5*i = y - 6845. List the prime factors of i.
37
Let c(k) = -201*k - 630. List the prime factors of c(-45).
3, 5, 11, 17
Let a(g) = -g**2 - 15*g - 58. Let x be a(0). Let u = x + 99. List the prime factors of u.
41
Suppose 0 = -4*c - 4*m + 8075 - 48107, -5*c + 2*m - 50054 = 0. What are the prime factors of (c/(-33))/(-7)*(-3)/1?
2, 5, 13
Let o be (-23)/253 + 9000/22 + -3. Suppose 6 = -3*j - 4*p, 7*j - 5*p + 45 = 2*j. List the prime factors of j/(-2) - o/(-7).
61
What are the prime factors of -14 + (-3719133)/(-135) - 6/45?
5, 5507
Suppose 12549 - 3405 = 8*d. Suppose 0*k + 2*k - 2216 = 4*o, d = k + 5*o. List the prime factors of k.
2, 13, 43
Suppose 3*p = -2*p - 2125. Let q = 350 - p. What are the prime factors of q?
5, 31
Let t = -113 - -173. Let i = 129 - t. Let s = 133 - i. List the prime factors of s.
2
Suppose 0 = -79*h + 1446481 - 402812. List the prime factors of h.
11, 1201
Let x(n) = -n**2 + 36*n - 80. Let d be x(33). Suppose d*b + 9*b - 18648 = 0. List the prime factors of b.
2, 3, 37
Suppose 0 = 30*x + 3*x - 119691. What are the prime factors of x?
3, 13, 31
Let i = -178 + 183. List the prime factors of 1617/i + (-3)/(-5).
2, 3
Let c = 670 + 712. Suppose -3*j + c = -0*j - 2*u, -1851 = -4*j + u. What are the prime factors of j?
2, 29
Suppose -55242 = -2*c + 4*t, 109*c - 114*c + 3*t = -138098. List the prime factors of c.
71, 389
Let x(d) = -7602*d - 264. What are the prime factors of x(-1)?
2, 3, 1223
Suppose 2*w - 30 + 32 = 0. Let g be ((w + -2)/(-3))/(1/5). Suppose g*q - 44 = 71. What are the prime factors of q?
23
Let g = -29 - -34. Suppose 4*p = 3*d + 45, -g*p + 0*d = -4*d - 56. List the prime factors of 2 - p/4 - (-88 + 1).
2, 43
Let c be ((-148)/185)/(((-6)/(-5))/(-3)). Suppose -3*y - 15 = 5*i, -2*i - 4*y + c*y = 10. Suppose -2*g + 0*g + 6 = i. List the prime factors of g.
3
Let y = 1223 + -745. Suppose -4*m - y = -2*r, r + 2*m - 227 = m. List the prime factors of r.
3, 7, 11
Let t = -359 - -955. Let s = 1054 - t. What are the prime factors of s?
2, 229
Let n = 6114 - -5199. What are the prime factors of n?
3, 419
Suppose -701196 = -209*g + 1069661. What are the prime factors of g?
37, 229
Let z(j) = -2*j**3 - 45*j**2 - 5*j + 22. Let f be z(-22). Let l = f + 752. What are the prime factors of l?
2, 5
Let m be ((-8)/(-24))/((-3)/(-18072)*1). Let u = m + -1402. List the prime factors of u.
2, 3, 101
Suppose -f = -257 + 48. Let l(y) = y**2 - 15*y - 11. Let b be l(0). List the prime factors of 1*-1*f/b.
19
Suppos